{"id":13565,"date":"2026-03-16T11:30:27","date_gmt":"2026-03-16T11:30:27","guid":{"rendered":"https:\/\/fustatractada.com\/qui-som\/"},"modified":"2026-03-16T11:57:07","modified_gmt":"2026-03-16T11:57:07","slug":"qui-som","status":"publish","type":"page","link":"https:\/\/fustatractada.com\/es\/qui-som\/","title":{"rendered":"Qui\u00e9nes somos"},"content":{"rendered":"\t\t<div data-elementor-type=\"wp-page\" data-elementor-id=\"13565\" class=\"elementor elementor-13565 elementor-13542\">\n\t\t\t\t\t\t<section class=\"elementor-section elementor-inner-section elementor-element elementor-element-24795229 elementor-section-boxed elementor-section-height-default elementor-section-height-default\" data-id=\"24795229\" data-element_type=\"section\" data-e-type=\"section\">\r\n\t\t\t\t\t\t<div class=\"elementor-container elementor-column-gap-thegem\"><div class=\"elementor-row\">\r\n\t\t\t\t\t<div class=\"elementor-column elementor-col-50 elementor-inner-column elementor-element elementor-element-6656ff58\" data-id=\"6656ff58\" data-element_type=\"column\" data-e-type=\"column\">\n\t\t\t<div class=\"elementor-widget-wrap elementor-element-populated\">\n\t\t\t\t\t\t<div class=\"elementor-element elementor-element-556fb039 flex-horizontal-align-default flex-horizontal-align-tablet-default flex-horizontal-align-mobile-default flex-vertical-align-default flex-vertical-align-tablet-default flex-vertical-align-mobile-default elementor-invisible elementor-widget elementor-widget-heading\" data-id=\"556fb039\" data-element_type=\"widget\" data-e-type=\"widget\" data-settings=\"{&quot;_animation&quot;:&quot;fadeInUp&quot;}\" data-widget_type=\"heading.default\">\n\t\t\t\t<div class=\"elementor-widget-container\">\n\t\t\t\t\t<div class=\"title-h1 elementor-heading-title elementor-size-default\">Equipamos tu espacio exterior<\/div>\t\t\t\t<\/div>\n\t\t\t\t<\/div>\n\t\t\t\t<div class=\"elementor-element elementor-element-6ceb5ce3 flex-horizontal-align-default flex-horizontal-align-tablet-default flex-horizontal-align-mobile-default flex-vertical-align-default flex-vertical-align-tablet-default flex-vertical-align-mobile-default elementor-widget elementor-widget-image\" data-id=\"6ceb5ce3\" data-element_type=\"widget\" data-e-type=\"widget\" data-widget_type=\"image.default\">\n\t\t\t\t<div class=\"elementor-widget-container\">\n\t\t\t\t\t\t\t\t\t\t\t\t\t\t\t<img fetchpriority=\"high\" width=\"300\" height=\"261\" src=\"https:\/\/fustatractada.com\/wp-content\/uploads\/2023\/11\/1.png\" class=\"attachment-medium_large size-medium_large wp-image-1315\" alt=\"\" \/>\t\t\t\t\t\t\t\t\t\t\t\t\t\t\t<\/div>\n\t\t\t\t<\/div>\n\t\t\t\t\t<\/div>\n\t\t<\/div>\n\t\t\t\t<div class=\"elementor-column elementor-col-50 elementor-inner-column elementor-element elementor-element-52723abf\" data-id=\"52723abf\" data-element_type=\"column\" data-e-type=\"column\">\n\t\t\t<div class=\"elementor-widget-wrap elementor-element-populated\">\n\t\t\t\t\t\t<div class=\"elementor-element elementor-element-3e4e3cf8 flex-horizontal-align-default flex-horizontal-align-tablet-default flex-horizontal-align-mobile-default flex-vertical-align-default flex-vertical-align-tablet-default flex-vertical-align-mobile-default elementor-invisible elementor-widget elementor-widget-text-editor\" data-id=\"3e4e3cf8\" data-element_type=\"widget\" data-e-type=\"widget\" data-settings=\"{&quot;_animation&quot;:&quot;fadeInUp&quot;}\" data-widget_type=\"text-editor.default\">\n\t\t\t\t<div class=\"elementor-widget-container\">\n\t\t\t\t\t\t\t\t\t\t\t\t<div class=\"elementor-text-editor elementor-clearfix\">\r\n\t\t\t\t\t\t<p>Con m\u00e1s de cuarenta a\u00f1os de experiencia en el sector de la madera tratada, en <span style=\"color: #339966;\"><a style=\"color: #339966;\" href=\"http:\/\/www.santaularia.eu\/\" target=\"_blank\" rel=\"noopener\"><span class=\"hiddenSpellError\"><span style=\"color: #579f1b;\"><strong>Santaul\u00e0ria<\/strong><\/span><\/span> <span style=\"color: #579f1b;\"><strong>Equipamientos Urbanos<\/strong><\/span><\/a><\/span> trabajamos en una gran variedad de proyectos por exterior en parques infantiles, escuelas, campings, jardines, entre otros, as\u00ed como en tareas relacionadas con la adecuaci\u00f3n de los espacios verdes.<\/p><p>Nuestro compromiso es ofrecer un servicio y productos de calidad, bajo mantenimiento, con la m\u00e1xima competitividad. Puede visitar nuestro centro de exposici\u00f3n en Girona para conocer las diferentes l\u00edneas de productos.<\/p><p>Servimos a todo tipo de clientes: particulares, aut\u00f3nomos o empresas, obra p\u00fablica, centros educativos, ayuntamientos, campings, restaurantes, hoteles, turismo rural y jardines privados.<\/p>\t\t\t\t\t\t\t<\/div>\r\n\t\t\t\t\t\t\t\t\t\t<\/div>\n\t\t\t\t<\/div>\n\t\t\t\t\t<\/div>\n\t\t<\/div>\n\t\t\t\t\t<\/div><\/div>\r\n\t\t<\/section>\r\n\t\t\t\t<\/div>\n\t\t","protected":false},"excerpt":{"rendered":"<p>Equipamos tu espacio exterior Con m\u00e1s de cuarenta a\u00f1os de experiencia en el sector de la madera tratada, en Santaul\u00e0ria&#8230;<\/p>\n","protected":false},"author":1,"featured_media":0,"parent":0,"menu_order":0,"comment_status":"closed","ping_status":"closed","template":"","meta":{"footnotes":""},"class_list":["post-13565","page","type-page","status-publish"],"yoast_head":"<!-- This site is optimized with the Yoast SEO plugin v27.5 - https:\/\/yoast.com\/product\/yoast-seo-wordpress\/ -->\n<title>Qui\u00e9nes somos | Santaul\u00e0ria Equipaments Urbans<\/title>\n<meta name=\"robots\" content=\"index, follow, max-snippet:-1, max-image-preview:large, max-video-preview:-1\" \/>\n<link rel=\"canonical\" href=\"https:\/\/fustatractada.com\/es\/qui-som\/\" \/>\n<meta property=\"og:locale\" content=\"es_ES\" \/>\n<meta property=\"og:type\" content=\"article\" \/>\n<meta property=\"og:title\" content=\"Qui\u00e9nes somos | Santaul\u00e0ria Equipaments Urbans\" \/>\n<meta property=\"og:description\" content=\"Equipamos tu espacio exterior Con m\u00e1s de cuarenta a\u00f1os de experiencia en el sector de la madera tratada, en Santaul\u00e0ria...\" \/>\n<meta property=\"og:url\" content=\"https:\/\/fustatractada.com\/es\/qui-som\/\" \/>\n<meta property=\"og:site_name\" content=\"Santaul\u00e0ria Equipaments Urbans\" \/>\n<meta property=\"article:publisher\" content=\"https:\/\/www.facebook.com\/Santaularia.Equipaments.Urbans\" \/>\n<meta property=\"article:modified_time\" content=\"2026-03-16T11:57:07+00:00\" \/>\n<meta property=\"og:image\" content=\"https:\/\/fustatractada.com\/wp-content\/uploads\/2023\/11\/1.png\" \/>\n\t<meta property=\"og:image:width\" content=\"300\" \/>\n\t<meta property=\"og:image:height\" content=\"261\" \/>\n\t<meta property=\"og:image:type\" content=\"image\/png\" \/>\n<meta name=\"twitter:card\" content=\"summary_large_image\" \/>\n<meta name=\"twitter:label1\" content=\"Tiempo de lectura\" \/>\n\t<meta name=\"twitter:data1\" content=\"1 minuto\" \/>\n<!-- \/ Yoast SEO plugin. -->","yoast_head_json":{"title":"Qui\u00e9nes somos | Santaul\u00e0ria Equipaments Urbans","robots":{"index":"index","follow":"follow","max-snippet":"max-snippet:-1","max-image-preview":"max-image-preview:large","max-video-preview":"max-video-preview:-1"},"canonical":"https:\/\/fustatractada.com\/es\/qui-som\/","og_locale":"es_ES","og_type":"article","og_title":"Qui\u00e9nes somos | Santaul\u00e0ria Equipaments Urbans","og_description":"Equipamos tu espacio exterior Con m\u00e1s de cuarenta a\u00f1os de experiencia en el sector de la madera tratada, en Santaul\u00e0ria...","og_url":"https:\/\/fustatractada.com\/es\/qui-som\/","og_site_name":"Santaul\u00e0ria Equipaments Urbans","article_publisher":"https:\/\/www.facebook.com\/Santaularia.Equipaments.Urbans","article_modified_time":"2026-03-16T11:57:07+00:00","og_image":[{"width":300,"height":261,"url":"https:\/\/fustatractada.com\/wp-content\/uploads\/2023\/11\/1.png","type":"image\/png"}],"twitter_card":"summary_large_image","twitter_misc":{"Tiempo de lectura":"1 minuto"},"schema":{"@context":"https:\/\/schema.org","@graph":[{"@type":"WebPage","@id":"https:\/\/fustatractada.com\/es\/qui-som\/","url":"https:\/\/fustatractada.com\/es\/qui-som\/","name":"Qui\u00e9nes somos | Santaul\u00e0ria Equipaments Urbans","isPartOf":{"@id":"https:\/\/fustatractada.com\/es\/#website"},"primaryImageOfPage":{"@id":"https:\/\/fustatractada.com\/es\/qui-som\/#primaryimage"},"image":{"@id":"https:\/\/fustatractada.com\/es\/qui-som\/#primaryimage"},"thumbnailUrl":"https:\/\/fustatractada.com\/wp-content\/uploads\/2023\/11\/1.png","datePublished":"2026-03-16T11:30:27+00:00","dateModified":"2026-03-16T11:57:07+00:00","breadcrumb":{"@id":"https:\/\/fustatractada.com\/es\/qui-som\/#breadcrumb"},"inLanguage":"es","potentialAction":[{"@type":"ReadAction","target":["https:\/\/fustatractada.com\/es\/qui-som\/"]}]},{"@type":"ImageObject","inLanguage":"es","@id":"https:\/\/fustatractada.com\/es\/qui-som\/#primaryimage","url":"https:\/\/fustatractada.com\/wp-content\/uploads\/2023\/11\/1.png","contentUrl":"https:\/\/fustatractada.com\/wp-content\/uploads\/2023\/11\/1.png"},{"@type":"BreadcrumbList","@id":"https:\/\/fustatractada.com\/es\/qui-som\/#breadcrumb","itemListElement":[{"@type":"ListItem","position":1,"name":"Inici","item":"https:\/\/fustatractada.com\/es\/"},{"@type":"ListItem","position":2,"name":"Qui\u00e9nes somos"}]},{"@type":"WebSite","@id":"https:\/\/fustatractada.com\/es\/#website","url":"https:\/\/fustatractada.com\/es\/","name":"Santaul\u00e0ria Equipaments Urbans","description":"Fusta tractada per exterior","publisher":{"@id":"https:\/\/fustatractada.com\/es\/#organization"},"potentialAction":[{"@type":"SearchAction","target":{"@type":"EntryPoint","urlTemplate":"https:\/\/fustatractada.com\/es\/?s={search_term_string}"},"query-input":{"@type":"PropertyValueSpecification","valueRequired":true,"valueName":"search_term_string"}}],"inLanguage":"es"},{"@type":"Organization","@id":"https:\/\/fustatractada.com\/es\/#organization","name":"Santaul\u00e0ria Equipaments Urbans","url":"https:\/\/fustatractada.com\/es\/","logo":{"@type":"ImageObject","inLanguage":"es","@id":"https:\/\/fustatractada.com\/es\/#\/schema\/logo\/image\/","url":"https:\/\/fustatractada.com\/wp-content\/uploads\/2023\/11\/logo-1.png","contentUrl":"https:\/\/fustatractada.com\/wp-content\/uploads\/2023\/11\/logo-1.png","width":150,"height":103,"caption":"Santaul\u00e0ria Equipaments Urbans"},"image":{"@id":"https:\/\/fustatractada.com\/es\/#\/schema\/logo\/image\/"},"sameAs":["https:\/\/www.facebook.com\/Santaularia.Equipaments.Urbans","https:\/\/www.instagram.com\/santaularia_eu\/","https:\/\/es.linkedin.com\/company\/santaulariaequipamentsurbans"]}]}},"_links":{"self":[{"href":"https:\/\/fustatractada.com\/es\/wp-json\/wp\/v2\/pages\/13565","targetHints":{"allow":["GET"]}}],"collection":[{"href":"https:\/\/fustatractada.com\/es\/wp-json\/wp\/v2\/pages"}],"about":[{"href":"https:\/\/fustatractada.com\/es\/wp-json\/wp\/v2\/types\/page"}],"author":[{"embeddable":true,"href":"https:\/\/fustatractada.com\/es\/wp-json\/wp\/v2\/users\/1"}],"replies":[{"embeddable":true,"href":"https:\/\/fustatractada.com\/es\/wp-json\/wp\/v2\/comments?post=13565"}],"version-history":[{"count":2,"href":"https:\/\/fustatractada.com\/es\/wp-json\/wp\/v2\/pages\/13565\/revisions"}],"predecessor-version":[{"id":13574,"href":"https:\/\/fustatractada.com\/es\/wp-json\/wp\/v2\/pages\/13565\/revisions\/13574"}],"wp:attachment":[{"href":"https:\/\/fustatractada.com\/es\/wp-json\/wp\/v2\/media?parent=13565"}],"curies":[{"name":"wp","href":"https:\/\/api.w.org\/{rel}","templated":true}]}}

Quiénes somos

<div data-elementor-type="wp-page" data-elementor-id="13565" class="elementor elementor-13565 elementor-13542">
						<section class="elementor-section elementor-inner-section elementor-element elementor-element-24795229 elementor-section-boxed elementor-section-height-default elementor-section-height-default" data-id="24795229" data-element_type="section" data-e-type="section">
						<div class="elementor-container elementor-column-gap-thegem"><div class="elementor-row">
					<div class="elementor-column elementor-col-50 elementor-inner-column elementor-element elementor-element-6656ff58" data-id="6656ff58" data-element_type="column" data-e-type="column">
			<div class="elementor-widget-wrap elementor-element-populated">
						<div class="elementor-element elementor-element-556fb039 flex-horizontal-align-default flex-horizontal-align-tablet-default flex-horizontal-align-mobile-default flex-vertical-align-default flex-vertical-align-tablet-default flex-vertical-align-mobile-default elementor-invisible elementor-widget elementor-widget-heading" data-id="556fb039" data-element_type="widget" data-e-type="widget" data-settings="{&quot;_animation&quot;:&quot;fadeInUp&quot;}" data-widget_type="heading.default">
				<div class="elementor-widget-container">
					<div class="title-h1 elementor-heading-title elementor-size-default">Equipamos tu espacio exterior</div>				</div>
				</div>
				<div class="elementor-element elementor-element-6ceb5ce3 flex-horizontal-align-default flex-horizontal-align-tablet-default flex-horizontal-align-mobile-default flex-vertical-align-default flex-vertical-align-tablet-default flex-vertical-align-mobile-default elementor-widget elementor-widget-image" data-id="6ceb5ce3" data-element_type="widget" data-e-type="widget" data-widget_type="image.default">
				<div class="elementor-widget-container">
															<img fetchpriority="high" width="300" height="261" src="https://fustatractada.com/wp-content/uploads/2023/11/1.png" class="attachment-medium_large size-medium_large wp-image-1315" alt="" />															</div>
				</div>
					</div>
		</div>
				<div class="elementor-column elementor-col-50 elementor-inner-column elementor-element elementor-element-52723abf" data-id="52723abf" data-element_type="column" data-e-type="column">
			<div class="elementor-widget-wrap elementor-element-populated">
						<div class="elementor-element elementor-element-3e4e3cf8 flex-horizontal-align-default flex-horizontal-align-tablet-default flex-horizontal-align-mobile-default flex-vertical-align-default flex-vertical-align-tablet-default flex-vertical-align-mobile-default elementor-invisible elementor-widget elementor-widget-text-editor" data-id="3e4e3cf8" data-element_type="widget" data-e-type="widget" data-settings="{&quot;_animation&quot;:&quot;fadeInUp&quot;}" data-widget_type="text-editor.default">
				<div class="elementor-widget-container">
												<div class="elementor-text-editor elementor-clearfix">
						<p>Con más de cuarenta años de experiencia en el sector de la madera tratada, en <span style="color: #339966;"><a style="color: #339966;" href="http://www.santaularia.eu/" target="_blank" rel="noopener"><span class="hiddenSpellError"><span style="color: #579f1b;"><strong>Santaulària</strong></span></span> <span style="color: #579f1b;"><strong>Equipamientos Urbanos</strong></span></a></span> trabajamos en una gran variedad de proyectos por exterior en parques infantiles, escuelas, campings, jardines, entre otros, así como en tareas relacionadas con la adecuación de los espacios verdes.</p><p>Nuestro compromiso es ofrecer un servicio y productos de calidad, bajo mantenimiento, con la máxima competitividad. Puede visitar nuestro centro de exposición en Girona para conocer las diferentes líneas de productos.</p><p>Servimos a todo tipo de clientes: particulares, autónomos o empresas, obra pública, centros educativos, ayuntamientos, campings, restaurantes, hoteles, turismo rural y jardines privados.</p>							</div>
										</div>
				</div>
					</div>
		</div>
					</div></div>
		</section>
				</div>

<p>Equipamos tu espacio exterior Con más de cuarenta años de experiencia en el sector de la madera tratada, en Santaulària&#8230;</p>

<!-- This site is optimized with the Yoast SEO plugin v27.5 - https://yoast.com/product/yoast-seo-wordpress/ -->
<title>Quiénes somos | Santaulària Equipaments Urbans</title>
<meta name="robots" content="index, follow, max-snippet:-1, max-image-preview:large, max-video-preview:-1" />
<link rel="canonical" href="https://fustatractada.com/es/qui-som/" />
<meta property="og:locale" content="es_ES" />
<meta property="og:type" content="article" />
<meta property="og:title" content="Quiénes somos | Santaulària Equipaments Urbans" />
<meta property="og:description" content="Equipamos tu espacio exterior Con más de cuarenta años de experiencia en el sector de la madera tratada, en Santaulària..." />
<meta property="og:url" content="https://fustatractada.com/es/qui-som/" />
<meta property="og:site_name" content="Santaulària Equipaments Urbans" />
<meta property="article:publisher" content="https://www.facebook.com/Santaularia.Equipaments.Urbans" />
<meta property="article:modified_time" content="2026-03-16T11:57:07+00:00" />
<meta property="og:image" content="https://fustatractada.com/wp-content/uploads/2023/11/1.png" />
	<meta property="og:image:width" content="300" />
	<meta property="og:image:height" content="261" />
	<meta property="og:image:type" content="image/png" />
<meta name="twitter:card" content="summary_large_image" />
<meta name="twitter:label1" content="Tiempo de lectura" />
	<meta name="twitter:data1" content="1 minuto" />
<!-- / Yoast SEO plugin. -->

Quiénes somos | Santaulària Equipaments Urbans

Equipamos tu espacio exterior Con más de cuarenta años de experiencia en el sector de la madera tratada, en Santaulària...

Santaulària Equipaments Urbans
